f*b - 4, 0 = 5*m. What is the remainder when b is divided by 1?
0
Suppose -125 = -w + 3*f, w - 4*f = -3629 + 3763. Let k = -20 + 57. Calculate the remainder when w is divided by k.
24
Suppose 5*p = 3*n - 6277, 5*p - 4282 = -5*n + 6153. What is the remainder when n is divided by 55?
54
Suppose -63*b + 350 = -28*b. Let y be (-118)/(-5) - 4/(-10). Let a = -22 + y. What is the remainder when b is divided by a?
0
Let f(i) = 5*i**2 + 4*i + 6. Let l be f(-4). Let x = -35 + l. Let d = -491 - -497. Calculate the remainder when x is divided by d.
5
Let d = 28 + -9. Suppose -2*t - 5*r - 4 + 29 = 0, -5*t + 6*r - 30 = 0. Suppose t = -5*p + d + 26. What is the remainder when 106 is divided by p?
7
Suppose 3*r - 27 = -2*k + k, -26 = -3*k + 2*r. Suppose 5*a - 2*m - 2043 = -2009, 0 = a + 5*m + 58. Calculate the remainder when k is divided by a.
0
Let t = 102 + -58. Let p = t - -10. What is the remainder when p is divided by 14?
12
Let h(t) = -443*t + 4955. What is the remainder when 1143 is divided by h(11)?
77
Suppose -47*i + 0*i + 27526 = -721. What is the remainder when 611 is divided by i?
10
Let m = -8880 + 9494. What is the remainder when m is divided by 157?
143
Suppose -23*p = -20*p - 5*w + 4, -2*w - 8 = 2*p. Let q(m) = 15*m + 84. Suppose -2*x = -168 - 58. Calculate the remainder when x is divided by q(p).
35
Let j(n) = 2*n**3 - 6*n**2 - 4*n - 1. Let p be (-1)/((-6 + 7)*(0 + 1)). What is the remainder when j(5) is divided by 12*60/(-18)*p?
39
Suppose 12*s - 13*s = -182. Let b = 197 - s. Let m = 138 - 20. Calculate the remainder when m is divided by b.
13
Suppose -6*k = 2*y - 19846, -5*y = -50*k + 47*k + 9947. What is the remainder when 3324 is divided by k?
15
Let s be (7 + -8)/(-1 - 10/(-15)). Calculate the remainder when (1119 + s)/6 - 1 is divided by 9.
6
Suppose -2*x = -5*r + 33, 2*r + x = 10 + 5. Suppose 0 = -r*a + 6*a + 49. What is the remainder when a is divided by 13?
10
Suppose -6 = -2*b + 5*z - 7, -3*z = 3*b - 30. Suppose 0*h - 8 = -h. Suppose -3*g = -h*g + 165. Calculate the remainder when g is divided by b.
5
Suppose -39*q - 89*q = 38*q - 5146. What is the remainder when q is divided by 5?
1
Suppose 0 = -22*n + 14*n + 16. Let b(d) = 1 + 8 + 6*d**n - 5*d**2 + 76*d - 70*d. What is the remainder when b(-9) is divided by 21?
15
Let u = 295 - -155. Let p = -316 + u. Calculate the remainder when p is divided by 47.
40
Suppose -4*j = 4*m, 5*j - 18 = 5*m + 12. Suppose p = -4*f - 3*p + 96, 4*f = j*p + 75. Calculate the remainder when ((380/25)/1)/((-2)/(-5)) is divided by f.
17
Let q(k) = 12*k**3 - 5*k**2 - k. Let d be q(3). Let s = d - 43. What is the remainder when s is divided by 75?
8
Calculate the remainder when 634 is divided by ((-11430)/(-1260))/((-1)/(-14)).
126
Suppose -4*v + 4*q = -104, -3*q - 107 = -4*v - 2*q. Suppose 30*j = v*j + 417. What is the remainder when j is divided by 10?
9
Let i be 304/10 - (-18)/(-315)*7. Suppose k - 2*f - 75 = -4*k, -2*k - 2*f = -i. Calculate the remainder when 40 is divided by k.
10
Suppose 0 = 5*k + k - 6. Calculate the remainder when 257 is divided by ((195/6)/k)/(2/4).
62
Let t(h) = 5*h**2 - 19*h + 10. Let u(p) = 2*p**2 - 6*p + 3. Let l(y) = 3*t(y) - 8*u(y). Calculate the remainder when 10/(-6)*6042/(-265) is divided by l(-7).
18
Let s be (8/6)/(-4)*-15. Let j = s + -7. Calculate the remainder when 51*1 - 0/(j - 1) is divided by 18.
15
What is the remainder when 147 is divided by (55 - 57)*(-53)/2?
41
Suppose 4*m - b - 18 = 0, 3*b - 4 - 27 = -5*m. Suppose 0 = 3*r - m*h + 27, -37 = 5*r - h - 14. Calculate the remainder when 74 is divided by (-1)/((-3)/66) - r.
22
Suppose 22 = 15*w + 7. Suppose -7 = -2*n + 5. What is the remainder when (90/(-5)*w)/((-4)/n) is divided by 15?
12
Let v be (4 - (-2 - -3)) + -7 + -1. Suppose 2*s + 20 = 66. Calculate the remainder when 112/v*(-5 - -5 - 5) is divided by s.
20
Let j be 3*3*1/9. Let y(p) = -1341*p**3 + 2*p**2 + 2*p - 3. Let b be y(j). What is the remainder when 47 is divided by b/(-110) - 2/11?
11
Let d be 136/(-24) - 5/15. Let m = -8 + 22. What is the remainder when d/33 - 7248/(-176) is divided by m?
13
Let l = -20783 + 20860. Calculate the remainder when 97 is divided by l.
20
Let n = -2646 + 2785. Calculate the remainder when n is divided by 41.
16
Let g = 16976 + -16781. What is the remainder when 1154 is divided by g?
179
Let s = 65 - 42. Let i(v) = -v**3 - 14*v**2 - v + 10. Let c be i(-13). Calculate the remainder when c/(-2) + -7 - -2 is divided by s.
22
Suppose 0 = 36*u - 7619 + 3551 - 20844. Calculate the remainder when u is divided by 41.
36
Let x(t) = 2*t**3 - 112*t**2 + 114*t - 103. Calculate the remainder when x(55) is divided by 11.
7
Let j(d) = 28*d**3 + 2*d**2 + d - 2. Let w be j(1). Suppose 80 = 5*l + 3*m, -3*m - 1 = l - w. Let q = -3 + 6. Calculate the remainder when l is divided by q.
1
Let k = -184 + 188. Suppose 180 = k*d - 2*g, -7*g = 2*d - 4*g - 74. What is the remainder when 65 is divided by d?
22
Let z be (-26572)/(-168) - 1/6. Let h = z + -153. What is the remainder when 14 is divided by h?
4
Suppose 168 = -p + 3*z, -2*z = p - 3*z + 166. Let r = 232 + p. Calculate the remainder when r is divided by (-4)/(-14) - 117/(-7).
16
Let g be 2 + 1 - (2/1 + 2). Let s be (g/(8/86))/(16/(-192)). Suppose 0 = 124*f - s*f + 175. Calculate the remainder when f is divided by 18.
17
Suppose 0 = 1657*p - 436*p - 64713. Suppose 2*d - 730 = -0*d. What is the remainder when d is divided by p?
47
Suppose -3*y - 3*y = -456. Suppose 0 = -2*v + 162 + y. What is the remainder when v is divided by 33?
20
Let m be (-115)/30 - -4 - (-86)/(-12). Let i = 35 + m. Let w(z) = 2*z**2 - 5*z - 10. Calculate the remainder when w(7) is divided by i.
25
Let g be (48/60)/(4/10). Suppose 3*i + 3*v = -g*i + 158, -123 = -4*i + v. Calculate the remainder when i is divided by (-4 + 11/3)/(2/(-102)).
14
Calculate the remainder when 4/(-20) + (95552/20)/8 is divided by 22.
3
Suppose -t + 140 = -2*y + y, -4*t + 3*y + 563 = 0. Suppose -3*f + 7*f - 34*f = -720. Calculate the remainder when t is divided by f.
23
Suppose -3*c + 3147 = 3*r, 19*c - 14*c - 5245 = r. What is the remainder when c is divided by 88?
81
Suppose 134*t - 83*t - 99190 = -167*t. What is the remainder when t is divided by 38?
37
Suppose -797 = -14*q + 5251. Let o = -293 + q. What is the remainder when o is divided by 8?
3
Let c(w) = 3*w**2 - 22*w + 63. Calculate the remainder when c(15) is divided by 74.
38
Calculate the remainder when 1855 is divided by 355/(-1)*(-9)/45.
9
Suppose -260*c + 416*c - 202176 = 0. Calculate the remainder when c is divided by 35.
1
Let h = -101 - -191. Suppose j - 116 = 5*t - 41, 5*t + 2*j = -h. Let m = t - -46. What is the remainder when 85 is divided by m?
25
Let f(s) = -s**3 + 9*s**2 + 144*s - 1279. Let v(c) = 0 + 4*c**3 - 2*c**2 - 3*c**3 + 3*c - 3. What is the remainder when f(9) is divided by v(2)?
2
Suppose 22*d + 16 = 26*d. Suppose -4*q + 5*y + 90 = -2*q, -d*q + 154 = 3*y. What is the remainder when 478 is divided by q?
38
Let t be -3*7/(-21) - (2 - -134). Let q = -133 - t. What is the remainder when 5 is divided by q?
1
Let l = -512 - -510. Calculate the remainder when 316 is divided by (-21)/21 + 23 + l.
16
Let g = 17633 + -17620. Calculate the remainder when 1128 is divided by g.
10
Suppose 3*h + 12*w = 7*w + 6, -3*h = 4*w - 6. Suppose -4*p + 1784 + 1068 = -3*y, 4*p - h*y = 2848. Calculate the remainder when p is divided by 23.
20
Suppose -12*a + 0*a = 0. Suppose -2*x = 5*s - 114, 3*s - x - 64 = -a*x. Calculate the remainder when 150 is divided by s.
18
Suppose 0 = -26*s + 18*s - 160. Calculate the remainder when 81 is divided by (-10)/(-25) - 132/s.
4
Suppose 37 = g - 3*u, -5*g + 3*g + 88 = u. Let t(y) = -5*y - 56. Let p be t(10). Let i = -95 - p. Calculate the remainder when g is divided by i.
10
Let i(f) = -3 + 5 + 4 + f - 4 + 4. Suppose 0 = -0*b - b - 4. What is the remainder when 11 is divided by i(b)?
1
Suppose 2*c - 4 = 0, -18100 + 2034 = -3*t + 4*c. Calculate the remainder when t is divided by 12.
6
Suppose 0 = -161*z + 165*z - 68. What is the remainder when 457 is divided by z?
15
Suppose -4*b = -5*r + 193 - 1523, 0 = -2*b - 2*r + 638. What is the remainder when b is divided by 17?
2
Let x be 100/28 - (-4)/(-7). Suppose -c - c + 32 = -x*w, -5*w - 60 = -4*c. What is the